= 56. What is the tens digit of f?
4
Suppose 0 = -l - o + 11 - 53, 2*l + 98 = 5*o. What is the units digit of (l/55)/(4/(-110))?
2
Suppose -262 - 105 = -x + 3*d, -5*x + 5*d = -1855. What is the units digit of x?
3
Let m(i) = -2248*i + 155. What is the thousands digit of m(-2)?
4
Let u(c) = -394*c - 736. What is the hundreds digit of u(-9)?
8
Let j = 285 + -165. Let r = 235 - j. Suppose 7*k - 2*k - r = 4*b, 5*k - b = 100. What is the units digit of k?
9
Suppose 800 = 70*l - 54*l. Let c = 6 - 9. Let o = l - c. What is the tens digit of o?
5
Let z be 23/3 - 34/51. Suppose -1 - z = t. What is the tens digit of (t + 17)*10/3?
3
Suppose -4*x = -54 - 54. Let w = -182 - -168. Let f = w + x. What is the tens digit of f?
1
What is the tens digit of (-2 - -94)*((-105)/20 - -6)?
6
Let i = 1030 - 356. What is the hundreds digit of i?
6
Let k = 370 - 220. Suppose 0 = -s - s + 4. Suppose -k = -c - s*c. What is the units digit of c?
0
Suppose 2*c - 78 = 6*f - f, -3*c = f - 134. What is the units digit of c?
4
Suppose 9*o = 6*o - 156. Let h = o + 93. What is the units digit of h?
1
Suppose -4*f - f - 30 = 0. Let y(p) = p**3 + 4*p**2 - 2*p + 4. Let o be y(f). Let k = 14 - o. What is the tens digit of k?
7
Let v = -12 - -12. Let n = v + -1. What is the tens digit of n/2*(-500)/10?
2
Let j = 106 - 81. Let m be 4/10 - 42/5. Let n = j + m. What is the units digit of n?
7
Suppose -4*v - 5*r + 832 = 0, -v - 2*v + 5*r = -589. Suppose 2*c - m = v, -105 = -c + 3*m + m. Suppose -4*g + c = -31. What is the units digit of g?
3
Suppose -4*b + 405 = 5*s, -3*b - 2*s + 390 = b. What is the units digit of b?
5
Let l be 744/2 + (1 - 3). Suppose l = v + 4*v. Let w = v - 49. What is the tens digit of w?
2
Suppose 0 = -3*g - 4*y - 1430, 2*g + g - 2*y + 1436 = 0. Let o = -265 - g. What is the tens digit of o?
1
Suppose 128*b + 269 = 129*b. What is the units digit of b?
9
What is the thousands digit of 17805/((-20)/(-4)) - (4 - 1)?
3
Let v(c) = 5*c + 28. Let j be v(-17). Let n = 143 + j. What is the units digit of n?
6
Let r be (668/8 - -1)/((-1)/2). Let v = 281 + r. What is the units digit of v?
2
Let v = 16 + 8. Suppose 2*u - 3*u = 4*z - v, 4*u = 4*z - 44. Suppose 11*o = z*o + 152. What is the units digit of o?
8
Suppose 2*k = -5*h - 8, 0*h - 2*h - 8 = 0. Let o(n) = -43*n + 2. Let l be o(-1). Suppose 3*d + 5*z = l, d - k*d = -4*z - 75. What is the tens digit of d?
1
Suppose -s + 0*b + 2 = -2*b, -5*s - 5*b = 35. Let v be s*(1/2 + -3). Let g = v + -9. What is the units digit of g?
1
Suppose 23 + 15 = 2*x + 2*i, -3*i - 35 = -x. Let t = x - 18. Suppose t*m - 2*m - 32 = -2*u, 50 = 3*u + 4*m. What is the tens digit of u?
2
Let w = 89 - -120. What is the hundreds digit of w?
2
Let f be 12/20*-3 + (-1)/5. What is the tens digit of (-2 - (2 - 60)) + f?
5
Suppose 0 = 7*w - 8*w. Let k = w + 5. Suppose -k*f + 325 = -2*h - 3*h, -2*h = -f + 65. What is the units digit of f?
5
What is the hundreds digit of (4 - -2) + -3 - -5356?
3
Let z = 146 + -127. Suppose 3*n = -y + z, 5*y + 5*n = 26 + 49. What is the tens digit of y?
1
Suppose 2*t + b = -b + 452, 5*t - 1124 = -2*b. Let g = t + -89. What is the hundreds digit of g?
1
Let d be (-2*(-1)/(-3))/((-6)/36). What is the units digit of (0 + 0)/d + 95?
5
Let r = 448 - -455. What is the tens digit of r?
0
Suppose -4*r + 2*r = 0. Suppose r = -2*y + 6*y - 224. What is the tens digit of y?
5
Let p(a) = -4*a - 2. Let x be p(-1). Suppose -21 = -x*b - i - 2*i, 3*b - 5*i - 79 = 0. Suppose -4*o + 86 = 4*r - 7*o, b = r + o. What is the tens digit of r?
2
Let n = 210 + -208. Let t(g) = -g**3 + 6*g**2 - 5*g + 6. Let x be t(5). What is the units digit of x - (n + (-6)/2)?
7
Suppose -1 = 2*g - 5. Suppose 4*r + 0*y = -2*y + 174, 99 = 2*r + 5*y. Let c = g + r. What is the units digit of c?
4
Let i = -70 + 175. What is the hundreds digit of i?
1
Let s(r) = r**2 - 8*r + 8. Let x be s(7). Let z(d) = 65*d**3 + 2*d**2 + d - 2. Let n be z(x). Let i = n - 25. What is the tens digit of i?
4
Suppose 2870 = 9*s + 935. What is the tens digit of s?
1
Let w be (7/2)/((-4)/56). What is the units digit of w/(2 + -3) - (-5)/(-5)?
8
Let g = -14 + 58. Suppose -946 - g = -10*s. What is the tens digit of s?
9
Let k = -708 - -1296. What is the units digit of k?
8
Suppose 64506 = 163*q - 124*q. What is the thousands digit of q?
1
What is the thousands digit of 602/258 + ((-14806)/(-6) - 1)?
2
What is the units digit of 302 + -1 - (-12)/(-2)?
5
Let c(v) = 10*v - 10. Let o = -19 + 34. Let i be c(o). Suppose 2*z = -3*z + i. What is the tens digit of z?
2
Suppose 7*x + 790 + 232 = 0. Let l = -85 - x. What is the tens digit of 3 + (-3)/(-3)*l?
6
Let m(k) = -k**3 - 5*k**2 - 2*k + 2. Let o be m(-3). Let c = o + 14. Suppose c = 4*w - 0. What is the units digit of w?
1
Let p = 118 + -51. Let c = -34 + p. Suppose 0 = -5*u + 143 - c. What is the units digit of u?
2
Suppose -6*j + 55 = 7. Suppose -3*z = -j - 22. Suppose x + z = -2*q - 2*q, 5*q + 15 = -x. What is the tens digit of x?
1
Let y(z) = -z**3 + 5*z**2 + 14. Let n be y(5). Suppose n*o = 12*o + 136. What is the units digit of o?
8
Let k = 1144 - 594. What is the units digit of k?
0
Suppose -v - 4 = 0, 2*d - 3*v - 196 = 730. What is the tens digit of d?
5
Let v = 423 + -359. What is the units digit of v?
4
Suppose 0*m = m - 180. Suppose 5*r + 5*g + m = -0*r, r + 3*g + 38 = 0. Let h = 50 + r. What is the units digit of h?
5
Let w = -7 + 7. What is the units digit of (w + -3)/(3/(-44))?
4
Let f = 158 - 16. Suppose -10 = 5*v + 5*u, -u = 2*v + 4*u - 8. What is the tens digit of 12/9 - f/v?
2
Let c(h) = -19*h - 19. Let l(u) = 161*u + 161. Let i(j) = -42*c(j) - 5*l(j). Let f be ((-1)/2)/(3/18). What is the units digit of i(f)?
4
Suppose 3*v - 3*i = -8*i - 409, v = 2*i - 140. Let c = 251 + v. What is the hundreds digit of c?
1
Let w = -32 - -35. Suppose -5*a + 276 = k, w*k = -0*a - a + 44. What is the units digit of a?
6
Suppose -195 = -5*a - 15. Suppose 2*x = -2*x + a. What is the units digit of -3 + (x - (-12)/4)?
9
Suppose -4 = -3*l + 2. Suppose -o = l*w - 74, 4*o - 256 = w + 4. What is the units digit of o?
6
What is the tens digit of 1419/3*1 + (-30)/(-6)?
7
Suppose -4*p = -5*d - 451, 2*d + d = 2*p - 223. What is the units digit of p?
9
Let y(s) be the first derivative of s**6/360 - s**5/30 + s**4/8 - 11*s**3/3 - 9. Let j(r) be the third derivative of y(r). What is the units digit of j(-5)?
8
Suppose 5*y - y - 260 = 0. Let v = y - 115. What is the units digit of (v/(-2))/((-5)/(-5))?
5
Let u be 182/(-3) - (-10)/15. Let i be u/4*2/(-6). Suppose 0 = -r - 0*r - i*g + 36, 4*r + 4*g - 64 = 0. What is the tens digit of r?
1
Suppose 3*p = 5*p + 110. Let m be (-265)/p - 2/(-11). Suppose v - 3 = -3*o, -m*o + 2*v = -2*v - 22. What is the units digit of o?
2
Let d = 836 + -135. What is the units digit of d?
1
Let v(p) = 3*p - 2. Let b be v(2). Let o be (b/6)/((-30)/(-11565)). Suppose -4*c + 0*q + 201 = 3*q, -5*c + 2*q = -o. What is the tens digit of c?
5
Suppose 0 = 5*k - 95 - 140. Let n = k - 4. What is the units digit of n?
3
Let v = 111 + -70. Let k = 71 + v. What is the hundreds digit of k?
1
Let r = -26 + 27. Let n be (r + -1)*(-11)/(-22). Suppose 2*y - 140 = -n*y. What is the tens digit of y?
7
Suppose -d = -6*d + 800. Suppose -4*r - d = -4*u, -164 + 10 = 4*r - u. What is the units digit of r/(-3*2/3)?
9
Let f(g) = g**2 + 7*g + 13. What is the units digit of f(-9)?
1
Let c(l) = -47*l - 113. What is the units digit of c(-9)?
0
Suppose -4*h + 44 = 2*w, -2*h - 34 = -w + 2*h. Let g = w - -54. What is the tens digit of g?
8
Let t = 88 - 83. Suppose t*j - 15*j = -1450. What is the tens digit of j?
4
Let z be -1*(-2 + 0)*2. Suppose -4*q = -2*a - 220, -228 = z*q - 8*q + 4*a. What is the units digit of q?
3
Suppose -x - 6*x = -2954. Let o = -235 + x. What is the hundreds digit of o?
1
Let v(w) = 56*w**2 - w + 2. What is the units digit of v(-3)?
9
Suppose -8*z - 30 = -2*z. Let f(o) = -3*o - 10. Let m be f(z). Suppose 28 = m*u - 37. What is the tens digit of u?
1
Let c = -69 + 192. Suppose 327 = -3*a - c. What is the tens digit of ((-24)/(-30))/((-4)/a)?
3
Let v(b) = -b - 13. Let s be v(-13). Suppose s = -4*h - 2*h + 288. What is the units digit of h?
8
Let j(n) = n**2 - 2*n - 1. Let x be j(4). Let s(f) = -f**3 + 7*f**2 + 8*f + 14. What is the tens digit of